{"id":534,"date":"2010-11-07T22:11:35","date_gmt":"2010-11-07T20:11:35","guid":{"rendered":"http:\/\/eltrenillo.org\/?page_id=534"},"modified":"2018-04-28T20:46:14","modified_gmt":"2018-04-28T18:46:14","slug":"actividades-2009","status":"publish","type":"page","link":"https:\/\/www.eltrenillo.com\/?page_id=534","title":{"rendered":"Actividades 2009."},"content":{"rendered":"<h2>Un a\u00f1o muy intenso, el 2009, donde entre los principales hitos, est\u00e1 el celebra nuestro \u00ab1\u00ba Ciclo de Cine Ferroviario\u00bb.<\/h2>\n<p>-VIAJE A OPORTO. 25 A 27 SEPTIEMBRE 2009.<br \/>\n<img loading=\"lazy\" decoding=\"async\" src=\"http:\/\/WWW.eltrenillo.ORG\/images\/actividades33.jpg\" alt=\"\" width=\"566\" height=\"385\" \/><\/p>\n<p><img loading=\"lazy\" decoding=\"async\" src=\"http:\/\/WWW.eltrenillo.ORG\/images\/actividades34.jpg\" alt=\"\" width=\"550\" height=\"439\" \/><\/p>\n<p>&#8211; REUNION DE LA COMISI\u00d3N DE GOBIERNO EN ALBACETE 19 SEPTIEMBRE 2009<br \/>\n<img loading=\"lazy\" decoding=\"async\" src=\"http:\/\/WWW.eltrenillo.ORG\/images\/actividades35.jpg\" alt=\"\" width=\"642\" height=\"964\" \/><\/p>\n<p>-VISITA DEL MUSEO DE LA CUCHILLER\u00cdA -ALBACETE- 19 SEPTIEMBRE 2009<br \/>\n<img loading=\"lazy\" decoding=\"async\" src=\"http:\/\/WWW.eltrenillo.ORG\/images\/actividades36.jpg\" alt=\"\" width=\"547\" height=\"776\" \/><\/p>\n<p>&#8211; NOCHE DE LOS EXPRESOS 11 JULIO 2009 (FOTO: JUAN -ALBAAF)<br \/>\n<img loading=\"lazy\" decoding=\"async\" src=\"http:\/\/www.eltrenillo.org\/images\/ACTIVIDADES TRENILLO\/actividades37.jpg\" alt=\"\" width=\"608\" height=\"397\" \/><\/p>\n<p>-REUNI\u00d3N DE LA ASAMBLEA DE LA FCMAF EN MANZANARES. 20 JUNIO 2009<br \/>\n<img loading=\"lazy\" decoding=\"async\" src=\"http:\/\/WWW.eltrenillo.ORG\/images\/ACTIVIDADES TRENILLO\/actividades38.jpg\" alt=\"\" width=\"597\" height=\"436\" \/><\/p>\n<p>&#8211; VISITA A DESPE\u00d1APERROS (ORGANIZADA POR AMAF C REAL) 17 mayo 2009<br \/>\n<img loading=\"lazy\" decoding=\"async\" src=\"http:\/\/WWW.eltrenillo.ORG\/images\/actividades39.jpg\" alt=\"\" width=\"564\" height=\"436\" \/><\/p>\n<p>-REALIZADA EXCURSI\u00d3N CAMPESTRE A DESPE\u00d1APERROS.<\/p>\n<p>El pasado 17 de mayo, las Asociaciones de amigos del Fc de C. Real, y Valdepe\u00f1as, realizaron una excursi\u00f3n \u00abcamprestre\u00bb a la zona de Venta de Cardenas. En el lugar elegido se pudo tener una visi\u00f3n privilegiada de los trenes que pasan, y al la vez pasar un buen d\u00eda de campo.<\/p>\n<p>-JUNTA DE GOBIERNO DE LA FCMAF Y VISITA A EL VISO DEL MARQU\u00c9S Y PLAZA DE TOROS CUADRADA el 19 abril 2009. (foto FCMAF)<\/p>\n<p><img loading=\"lazy\" decoding=\"async\" src=\"http:\/\/WWW.eltrenillo.ORG\/images\/actividades31.jpg\" alt=\"\" width=\"500\" height=\"375\" \/><\/p>\n<hr \/>\n<p>-REALIZADO EL PRIMER CICLO DE CINE FERROVIARIO EN VALDEPE\u00d1AS.<\/p>\n<p>En colaboraci\u00f3n con la Asociaci\u00f3n Vecinal de La Manzana, y en el centro social de dicha Asociaci\u00f3n, facilitado por el Ayto de Valdepe\u00f1as, se realiz\u00f3 nuestro primer Ciclo de cine ferroviario, desarrollado en 4 sesiones en los meses de Marzo y Abril. (21,28 MARZO Y 18 Y 25 ABRIL )<br \/>\nA su vez cada pelicula ven\u00eda precedida por un peque\u00f1a charla introductoria relacionada con el argumento de la pelicula.<\/p>\n<p>Cartel realizado por (c) Roselino, nuestro agradecimiento a el y a los socios que lo han hecho todo posible.<\/p>\n<p><img loading=\"lazy\" decoding=\"async\" src=\"http:\/\/WWW.eltrenillo.ORG\/images\/actividades32.jpg\" alt=\"\" width=\"500\" height=\"665\" \/><\/p>\n","protected":false},"excerpt":{"rendered":"<p>Un a\u00f1o muy intenso, el 2009, donde entre los principales hitos, est\u00e1 el celebra nuestro \u00ab1\u00ba Ciclo de Cine Ferroviario\u00bb. -VIAJE A OPORTO. 25 A 27 SEPTIEMBRE 2009. &#8211; REUNION DE LA COMISI\u00d3N DE GOBIERNO EN ALBACETE 19 SEPTIEMBRE 2009 -VISITA DEL MUSEO DE LA CUCHILLER\u00cdA -ALBACETE- 19 SEPTIEMBRE 2009 &#8211; NOCHE DE LOS EXPRESOS &hellip; <a href=\"https:\/\/www.eltrenillo.com\/?page_id=534\" class=\"more-link\">Continuar leyendo<span class=\"screen-reader-text\"> \u00abActividades 2009.\u00bb<\/span><\/a><\/p>\n","protected":false},"author":1,"featured_media":0,"parent":507,"menu_order":11,"comment_status":"closed","ping_status":"open","template":"","meta":{"footnotes":""},"class_list":["post-534","page","type-page","status-publish","hentry"],"_links":{"self":[{"href":"https:\/\/www.eltrenillo.com\/index.php?rest_route=\/wp\/v2\/pages\/534","targetHints":{"allow":["GET"]}}],"collection":[{"href":"https:\/\/www.eltrenillo.com\/index.php?rest_route=\/wp\/v2\/pages"}],"about":[{"href":"https:\/\/www.eltrenillo.com\/index.php?rest_route=\/wp\/v2\/types\/page"}],"author":[{"embeddable":true,"href":"https:\/\/www.eltrenillo.com\/index.php?rest_route=\/wp\/v2\/users\/1"}],"replies":[{"embeddable":true,"href":"https:\/\/www.eltrenillo.com\/index.php?rest_route=%2Fwp%2Fv2%2Fcomments&post=534"}],"version-history":[{"count":11,"href":"https:\/\/www.eltrenillo.com\/index.php?rest_route=\/wp\/v2\/pages\/534\/revisions"}],"predecessor-version":[{"id":1919,"href":"https:\/\/www.eltrenillo.com\/index.php?rest_route=\/wp\/v2\/pages\/534\/revisions\/1919"}],"up":[{"embeddable":true,"href":"https:\/\/www.eltrenillo.com\/index.php?rest_route=\/wp\/v2\/pages\/507"}],"wp:attachment":[{"href":"https:\/\/www.eltrenillo.com\/index.php?rest_route=%2Fwp%2Fv2%2Fmedia&parent=534"}],"curies":[{"name":"wp","href":"https:\/\/api.w.org\/{rel}","templated":true}]}}

<h2>Un año muy intenso, el 2009, donde entre los principales hitos, está el celebra nuestro «1º Ciclo de Cine Ferroviario».</h2>
<p>-VIAJE A OPORTO. 25 A 27 SEPTIEMBRE 2009.<br />
<img loading="lazy" decoding="async" src="http://WWW.eltrenillo.ORG/images/actividades33.jpg" alt="" width="566" height="385" /></p>
<p><img loading="lazy" decoding="async" src="http://WWW.eltrenillo.ORG/images/actividades34.jpg" alt="" width="550" height="439" /></p>
<p>&#8211; REUNION DE LA COMISIÓN DE GOBIERNO EN ALBACETE 19 SEPTIEMBRE 2009<br />
<img loading="lazy" decoding="async" src="http://WWW.eltrenillo.ORG/images/actividades35.jpg" alt="" width="642" height="964" /></p>
<p>-VISITA DEL MUSEO DE LA CUCHILLERÍA -ALBACETE- 19 SEPTIEMBRE 2009<br />
<img loading="lazy" decoding="async" src="http://WWW.eltrenillo.ORG/images/actividades36.jpg" alt="" width="547" height="776" /></p>
<p>&#8211; NOCHE DE LOS EXPRESOS 11 JULIO 2009 (FOTO: JUAN -ALBAAF)<br />
<img loading="lazy" decoding="async" src="http://www.eltrenillo.org/images/ACTIVIDADES TRENILLO/actividades37.jpg" alt="" width="608" height="397" /></p>
<p>-REUNIÓN DE LA ASAMBLEA DE LA FCMAF EN MANZANARES. 20 JUNIO 2009<br />
<img loading="lazy" decoding="async" src="http://WWW.eltrenillo.ORG/images/ACTIVIDADES TRENILLO/actividades38.jpg" alt="" width="597" height="436" /></p>
<p>&#8211; VISITA A DESPEÑAPERROS (ORGANIZADA POR AMAF C REAL) 17 mayo 2009<br />
<img loading="lazy" decoding="async" src="http://WWW.eltrenillo.ORG/images/actividades39.jpg" alt="" width="564" height="436" /></p>
<p>-REALIZADA EXCURSIÓN CAMPESTRE A DESPEÑAPERROS.</p>
<p>El pasado 17 de mayo, las Asociaciones de amigos del Fc de C. Real, y Valdepeñas, realizaron una excursión «camprestre» a la zona de Venta de Cardenas. En el lugar elegido se pudo tener una visión privilegiada de los trenes que pasan, y al la vez pasar un buen día de campo.</p>
<p>-JUNTA DE GOBIERNO DE LA FCMAF Y VISITA A EL VISO DEL MARQUÉS Y PLAZA DE TOROS CUADRADA el 19 abril 2009. (foto FCMAF)</p>
<p><img loading="lazy" decoding="async" src="http://WWW.eltrenillo.ORG/images/actividades31.jpg" alt="" width="500" height="375" /></p>
<hr />
<p>-REALIZADO EL PRIMER CICLO DE CINE FERROVIARIO EN VALDEPEÑAS.</p>
<p>En colaboración con la Asociación Vecinal de La Manzana, y en el centro social de dicha Asociación, facilitado por el Ayto de Valdepeñas, se realizó nuestro primer Ciclo de cine ferroviario, desarrollado en 4 sesiones en los meses de Marzo y Abril. (21,28 MARZO Y 18 Y 25 ABRIL )<br />
A su vez cada pelicula venía precedida por un pequeña charla introductoria relacionada con el argumento de la pelicula.</p>
<p>Cartel realizado por (c) Roselino, nuestro agradecimiento a el y a los socios que lo han hecho todo posible.</p>
<p><img loading="lazy" decoding="async" src="http://WWW.eltrenillo.ORG/images/actividades32.jpg" alt="" width="500" height="665" /></p>

<p>Un año muy intenso, el 2009, donde entre los principales hitos, está el celebra nuestro «1º Ciclo de Cine Ferroviario». -VIAJE A OPORTO. 25 A 27 SEPTIEMBRE 2009. &#8211; REUNION DE LA COMISIÓN DE GOBIERNO EN ALBACETE 19 SEPTIEMBRE 2009 -VISITA DEL MUSEO DE LA CUCHILLERÍA -ALBACETE- 19 SEPTIEMBRE 2009 &#8211; NOCHE DE LOS EXPRESOS &hellip; <a href="https://www.eltrenillo.com/?page_id=534" class="more-link">Continuar leyendo<span class="screen-reader-text"> «Actividades 2009.»</span></a></p>
