{"id":498,"date":"2010-11-07T21:39:40","date_gmt":"2010-11-07T19:39:40","guid":{"rendered":"http:\/\/eltrenillo.org\/?page_id=498"},"modified":"2018-12-27T21:09:21","modified_gmt":"2018-12-27T19:09:21","slug":"noticias-2006","status":"publish","type":"page","link":"https:\/\/www.eltrenillo.com\/?page_id=498","title":{"rendered":"Noticias 2006."},"content":{"rendered":"<p><strong>A\u00d1O 2006:<\/strong><\/p>\n<p>&#8211; NUEVO TREN REGIONAL MADRID-JA\u00c9N<br \/>\nDesde el 1 de Febrero de 2006, nuevo regional Ja\u00e9n-Madrid servido con material CAF serie 598.<br \/>\n<img decoding=\"async\" src=\"http:\/\/eltrenillo.org\/images\/noticias\/noticia01.jpg\" alt=\"\" \/><\/p>\n<hr \/>\n<p>&#8211; 15 de octubre de 2006 paro en Valdepe\u00f1as un tren militar. <a href=\"http:\/\/eltrenillo.org\/html\/tren-militar.htm\">ver fotos<\/a><\/p>\n<hr \/>\n<p>&#8211; FALLECIMIENTO DE SEVERINO TIRADO.<\/p>\n<p>El d\u00eda 21 se Septiembre fallece nuestro amigo y presidente-fundador de nuestra Asociaci\u00f3n.<br \/>\nTodos los que disfrutamos de su compa\u00f1\u00eda y amistad, nunca lo olvidaremos.<br \/>\n<img decoding=\"async\" src=\"http:\/\/eltrenillo.org\/images\/noticias\/noticia02.jpg\" alt=\"\" \/><\/p>\n<hr \/>\n<p>&#8211; RAFAEL G\u00aa DE LUCIO Y SU EQUIPO PREMIADOS POR LA FUNDACI\u00d3N.<\/p>\n<p>El 18 noviembre el equipo formado por Rafael Garc\u00eda de Lucio (socio de la AVAAF El Trenillo) y 4 alumnas de 1\u00ba de bachillerato del I.E.S.<br \/>\nCarlos Bouso\u00f1o de Majadahonda, recibieron el primer premio del concurso convocado por la Fundaci\u00f3n de los Ferrocarriles Espa\u00f1oles,<br \/>\nsobre la \u201cEvoluci\u00f3n de la Electrificaci\u00f3n de la Red Nacional de Ferrocarriles\u201d.<br \/>\n<img decoding=\"async\" src=\"http:\/\/eltrenillo.org\/images\/noticias\/noticia03.jpg\" alt=\"\" \/><\/p>\n","protected":false},"excerpt":{"rendered":"<p>A\u00d1O 2006: &#8211; NUEVO TREN REGIONAL MADRID-JA\u00c9N Desde el 1 de Febrero de 2006, nuevo regional Ja\u00e9n-Madrid servido con material CAF serie 598. &#8211; 15 de octubre de 2006 paro en Valdepe\u00f1as un tren militar. ver fotos &#8211; FALLECIMIENTO DE SEVERINO TIRADO. El d\u00eda 21 se Septiembre fallece nuestro amigo y presidente-fundador de nuestra Asociaci\u00f3n. &hellip; <a href=\"https:\/\/www.eltrenillo.com\/?page_id=498\" class=\"more-link\">Continuar leyendo<span class=\"screen-reader-text\"> \u00abNoticias 2006.\u00bb<\/span><\/a><\/p>\n","protected":false},"author":1,"featured_media":0,"parent":486,"menu_order":3,"comment_status":"closed","ping_status":"closed","template":"","meta":{"footnotes":""},"class_list":["post-498","page","type-page","status-publish","hentry"],"_links":{"self":[{"href":"https:\/\/www.eltrenillo.com\/index.php?rest_route=\/wp\/v2\/pages\/498","targetHints":{"allow":["GET"]}}],"collection":[{"href":"https:\/\/www.eltrenillo.com\/index.php?rest_route=\/wp\/v2\/pages"}],"about":[{"href":"https:\/\/www.eltrenillo.com\/index.php?rest_route=\/wp\/v2\/types\/page"}],"author":[{"embeddable":true,"href":"https:\/\/www.eltrenillo.com\/index.php?rest_route=\/wp\/v2\/users\/1"}],"replies":[{"embeddable":true,"href":"https:\/\/www.eltrenillo.com\/index.php?rest_route=%2Fwp%2Fv2%2Fcomments&post=498"}],"version-history":[{"count":5,"href":"https:\/\/www.eltrenillo.com\/index.php?rest_route=\/wp\/v2\/pages\/498\/revisions"}],"predecessor-version":[{"id":2016,"href":"https:\/\/www.eltrenillo.com\/index.php?rest_route=\/wp\/v2\/pages\/498\/revisions\/2016"}],"up":[{"embeddable":true,"href":"https:\/\/www.eltrenillo.com\/index.php?rest_route=\/wp\/v2\/pages\/486"}],"wp:attachment":[{"href":"https:\/\/www.eltrenillo.com\/index.php?rest_route=%2Fwp%2Fv2%2Fmedia&parent=498"}],"curies":[{"name":"wp","href":"https:\/\/api.w.org\/{rel}","templated":true}]}}

<p><strong>AÑO 2006:</strong></p>
<p>&#8211; NUEVO TREN REGIONAL MADRID-JAÉN<br />
Desde el 1 de Febrero de 2006, nuevo regional Jaén-Madrid servido con material CAF serie 598.<br />
<img decoding="async" src="http://eltrenillo.org/images/noticias/noticia01.jpg" alt="" /></p>
<hr />
<p>&#8211; 15 de octubre de 2006 paro en Valdepeñas un tren militar. <a href="http://eltrenillo.org/html/tren-militar.htm">ver fotos</a></p>
<hr />
<p>&#8211; FALLECIMIENTO DE SEVERINO TIRADO.</p>
<p>El día 21 se Septiembre fallece nuestro amigo y presidente-fundador de nuestra Asociación.<br />
Todos los que disfrutamos de su compañía y amistad, nunca lo olvidaremos.<br />
<img decoding="async" src="http://eltrenillo.org/images/noticias/noticia02.jpg" alt="" /></p>
<hr />
<p>&#8211; RAFAEL Gª DE LUCIO Y SU EQUIPO PREMIADOS POR LA FUNDACIÓN.</p>
<p>El 18 noviembre el equipo formado por Rafael García de Lucio (socio de la AVAAF El Trenillo) y 4 alumnas de 1º de bachillerato del I.E.S.<br />
Carlos Bousoño de Majadahonda, recibieron el primer premio del concurso convocado por la Fundación de los Ferrocarriles Españoles,<br />
sobre la “Evolución de la Electrificación de la Red Nacional de Ferrocarriles”.<br />
<img decoding="async" src="http://eltrenillo.org/images/noticias/noticia03.jpg" alt="" /></p>

<p>AÑO 2006: &#8211; NUEVO TREN REGIONAL MADRID-JAÉN Desde el 1 de Febrero de 2006, nuevo regional Jaén-Madrid servido con material CAF serie 598. &#8211; 15 de octubre de 2006 paro en Valdepeñas un tren militar. ver fotos &#8211; FALLECIMIENTO DE SEVERINO TIRADO. El día 21 se Septiembre fallece nuestro amigo y presidente-fundador de nuestra Asociación. &hellip; <a href="https://www.eltrenillo.com/?page_id=498" class="more-link">Continuar leyendo<span class="screen-reader-text"> «Noticias 2006.»</span></a></p>
