{"id":152,"date":"2010-06-21T21:22:51","date_gmt":"2010-06-21T19:22:51","guid":{"rendered":"http:\/\/eltrenillo.org\/?page_id=152"},"modified":"2018-04-28T20:46:51","modified_gmt":"2018-04-28T18:46:51","slug":"expositor-itinerante-eltrenillo","status":"publish","type":"page","link":"https:\/\/www.eltrenillo.com\/?page_id=152","title":{"rendered":"EXPOSITOR ITINERANTE \u00abELTRENILLO\u00bb"},"content":{"rendered":"<p>Nuestra Asociaci\u00f3n, con el objetivo de difundir el  conocimiento del  Ferrocarril , dispone de un\u00a0 \u00abExpositor m\u00f3vil\u00bb, que  est\u00e1 a disposici\u00f3n de  cualquier espacio l\u00fadico o donde se pueda dar una  p\u00fablica difusi\u00f3n del mismo.<br \/>\nDicho expositor  contiene una selecci\u00f3n de los trenes\u00a0  m\u00e1s representativos   que ha circulado por Espa\u00f1a ( todo ello a escala), y de una selecci\u00f3n de   objetos relacionados con el Ferrocarril, como PINS y SELLOS ferroviarios.<\/p>\n<p><span style=\"color: #ff0000;\"><strong>De   estar interesados en su exposici\u00f3n, p\u00f3ngase en contacto con nosotros : <\/strong><\/span><a href=\"..\/?page_id=133\">AQUI<\/a><br \/>\n<a href=\"http:\/\/eltrenillo.org\/wp-content\/uploads\/2010\/06\/110620105031.jpg\"><img loading=\"lazy\" decoding=\"async\" class=\"alignnone size-full wp-image-158\" title=\"11062010503\" src=\"http:\/\/eltrenillo.org\/wp-content\/uploads\/2010\/06\/110620105031.jpg\" alt=\"11062010503\" width=\"400\" height=\"300\" srcset=\"https:\/\/www.eltrenillo.com\/wp-content\/uploads\/2010\/06\/110620105031.jpg 400w, https:\/\/www.eltrenillo.com\/wp-content\/uploads\/2010\/06\/110620105031-150x112.jpg 150w\" sizes=\"auto, (max-width: 400px) 85vw, 400px\" \/><\/a><br \/>\n<a href=\"http:\/\/eltrenillo.org\/wp-content\/uploads\/2010\/06\/110620105011.jpg\"><img loading=\"lazy\" decoding=\"async\" class=\"alignnone size-full wp-image-159\" title=\"11062010501\" src=\"http:\/\/eltrenillo.org\/wp-content\/uploads\/2010\/06\/110620105011.jpg\" alt=\"11062010501\" width=\"400\" height=\"300\" srcset=\"https:\/\/www.eltrenillo.com\/wp-content\/uploads\/2010\/06\/110620105011.jpg 400w, https:\/\/www.eltrenillo.com\/wp-content\/uploads\/2010\/06\/110620105011-150x112.jpg 150w\" sizes=\"auto, (max-width: 400px) 85vw, 400px\" \/><\/a><\/p>\n","protected":false},"excerpt":{"rendered":"<p>Nuestra Asociaci\u00f3n, con el objetivo de difundir el conocimiento del Ferrocarril , dispone de un\u00a0 \u00abExpositor m\u00f3vil\u00bb, que est\u00e1 a disposici\u00f3n de cualquier espacio l\u00fadico o donde se pueda dar una p\u00fablica difusi\u00f3n del mismo. Dicho expositor contiene una selecci\u00f3n de los trenes\u00a0 m\u00e1s representativos que ha circulado por Espa\u00f1a ( todo ello a escala), &hellip; <a href=\"https:\/\/www.eltrenillo.com\/?page_id=152\" class=\"more-link\">Continuar leyendo<span class=\"screen-reader-text\"> \u00abEXPOSITOR ITINERANTE \u00abELTRENILLO\u00bb\u00bb<\/span><\/a><\/p>\n","protected":false},"author":1,"featured_media":0,"parent":0,"menu_order":2,"comment_status":"closed","ping_status":"open","template":"","meta":{"footnotes":""},"class_list":["post-152","page","type-page","status-publish","hentry"],"_links":{"self":[{"href":"https:\/\/www.eltrenillo.com\/index.php?rest_route=\/wp\/v2\/pages\/152","targetHints":{"allow":["GET"]}}],"collection":[{"href":"https:\/\/www.eltrenillo.com\/index.php?rest_route=\/wp\/v2\/pages"}],"about":[{"href":"https:\/\/www.eltrenillo.com\/index.php?rest_route=\/wp\/v2\/types\/page"}],"author":[{"embeddable":true,"href":"https:\/\/www.eltrenillo.com\/index.php?rest_route=\/wp\/v2\/users\/1"}],"replies":[{"embeddable":true,"href":"https:\/\/www.eltrenillo.com\/index.php?rest_route=%2Fwp%2Fv2%2Fcomments&post=152"}],"version-history":[{"count":9,"href":"https:\/\/www.eltrenillo.com\/index.php?rest_route=\/wp\/v2\/pages\/152\/revisions"}],"predecessor-version":[{"id":539,"href":"https:\/\/www.eltrenillo.com\/index.php?rest_route=\/wp\/v2\/pages\/152\/revisions\/539"}],"wp:attachment":[{"href":"https:\/\/www.eltrenillo.com\/index.php?rest_route=%2Fwp%2Fv2%2Fmedia&parent=152"}],"curies":[{"name":"wp","href":"https:\/\/api.w.org\/{rel}","templated":true}]}}

<p>Nuestra Asociación, con el objetivo de difundir el  conocimiento del  Ferrocarril , dispone de un  «Expositor móvil», que  está a disposición de  cualquier espacio lúdico o donde se pueda dar una  pública difusión del mismo.<br />
Dicho expositor  contiene una selección de los trenes   más representativos   que ha circulado por España ( todo ello a escala), y de una selección de   objetos relacionados con el Ferrocarril, como PINS y SELLOS ferroviarios.</p>
<p><span style="color: #ff0000;"><strong>De   estar interesados en su exposición, póngase en contacto con nosotros : </strong></span><a href="../?page_id=133">AQUI</a><br />
<a href="http://eltrenillo.org/wp-content/uploads/2010/06/110620105031.jpg"><img loading="lazy" decoding="async" class="alignnone size-full wp-image-158" title="11062010503" src="http://eltrenillo.org/wp-content/uploads/2010/06/110620105031.jpg" alt="11062010503" width="400" height="300" srcset="https://www.eltrenillo.com/wp-content/uploads/2010/06/110620105031.jpg 400w, https://www.eltrenillo.com/wp-content/uploads/2010/06/110620105031-150x112.jpg 150w" sizes="auto, (max-width: 400px) 85vw, 400px" /></a><br />
<a href="http://eltrenillo.org/wp-content/uploads/2010/06/110620105011.jpg"><img loading="lazy" decoding="async" class="alignnone size-full wp-image-159" title="11062010501" src="http://eltrenillo.org/wp-content/uploads/2010/06/110620105011.jpg" alt="11062010501" width="400" height="300" srcset="https://www.eltrenillo.com/wp-content/uploads/2010/06/110620105011.jpg 400w, https://www.eltrenillo.com/wp-content/uploads/2010/06/110620105011-150x112.jpg 150w" sizes="auto, (max-width: 400px) 85vw, 400px" /></a></p>

<p>Nuestra Asociación, con el objetivo de difundir el conocimiento del Ferrocarril , dispone de un  «Expositor móvil», que está a disposición de cualquier espacio lúdico o donde se pueda dar una pública difusión del mismo. Dicho expositor contiene una selección de los trenes  más representativos que ha circulado por España ( todo ello a escala), &hellip; <a href="https://www.eltrenillo.com/?page_id=152" class="more-link">Continuar leyendo<span class="screen-reader-text"> «EXPOSITOR ITINERANTE «ELTRENILLO»»</span></a></p>
